(v) - 36*n(v). Let z(q) = q**2 + 4*q - 5. Let a be z(-7). What is the units digit of g(a)?
6
Let o be (-68)/51*(10/(-8) - 1). Suppose 0 = -4*i + s - o*s - 298, 0 = 3*i + 5*s + 241. Let m = 75 + i. What is the units digit of m?
3
Let r = 200 - 200. Suppose -2*s = 5*t - 2114, 5*s + 4*t - 1293 - 3958 = r. What is the thousands digit of s?
1
What is the thousands digit of (36780 - 5) + 8 - (2 + -4) - -5?
6
What is the units digit of (4/(-18) + (-1360)/(-288))*2274?
3
Let x be -20*(15/(-6) + 2). Let y be (15/x)/((-6)/(-212)). Suppose -3 + y = 5*l. What is the units digit of l?
0
Suppose -4*b + 59514 = 4*i - 2606, -i - 31063 = -2*b. What is the units digit of b?
1
Let v = -252 + 225. Let m(b) = b + 57. What is the units digit of m(v)?
0
What is the hundreds digit of (144638/(-52) + 11)/((-6)/8)?
6
Suppose 2*z + b = -0 + 9, -2*z = -2*b - 24. Suppose z*u + 3*u = 20. Suppose u*f = 5*i - 841, -i + f = -f - 173. What is the hundreds digit of i?
1
Suppose -14*x = -11*x - 4518. Let t = x - 929. What is the hundreds digit of t?
5
Let b = 132 - 96. What is the tens digit of 317/(((-99)/b)/(-11))?
6
Let k(i) = -2296*i + 3199. What is the units digit of k(-12)?
1
Let m = -10677 - -16470. What is the hundreds digit of m?
7
Suppose 2*p - 19 = -2*q + 5*p, -q + 7 = -4*p. Let a(x) = -x**2 + 7*x - 18. Let y be a(q). Let v = 59 - y. What is the tens digit of v?
2
Let s = -2 + 95. Let q = s - 12. Let u = 137 - q. What is the tens digit of u?
5
Let q(l) = 218*l**2 - 91*l + 705. What is the tens digit of q(8)?
2
Suppose 5*y + 291302 = 4*m, 3*y - 4783 = -3*m + 213653. What is the units digit of m?
8
Let q be 1 + -5 + 5 - 3. Let y be (-3)/(-1) + (q - -2). Suppose 5*r = -2*l + 305, l - y*r = -4*r + 148. What is the tens digit of l?
4
Suppose -4*d - 10 = 2. Suppose 2 = 288*m - 290*m, 5*r = m + 1. What is the tens digit of (-5 - (r + d))*(-297)/6?
9
Let i be (-1*1 - 0) + (36 - -47). Suppose -3*m - q + i = 0, -6*m + 2*q = -8*m + 48. What is the tens digit of m?
2
Let y(s) = 93*s + 2104. What is the hundreds digit of y(47)?
4
Let y(l) = -l**2 - 10*l - 7. Let t be ((-1 - -1) + 2)*(-36)/8. Let h be y(t). What is the tens digit of h + 2*-3 + 180?
7
What is the thousands digit of 342/((-30)/16 - -2)?
2
Let t(l) = 359*l**2 + 16*l + 91. What is the units digit of t(-5)?
6
Suppose 144 = 4*k - 4*h, h + 71 = -3*k + 5*k. Suppose 0 = 6*v - 13*v + k. Suppose v*t - 3 = -4*s + 1099, -2*t - s + 439 = 0. What is the units digit of t?
8
Let p = 26 + -23. Suppose 4*z + 1441 = 3*s, -p*z + 1963 = 4*s - 0*s. What is the hundreds digit of s?
4
Let i(w) = -7*w**2 - 5*w + 273. Let r(a) = a**2 + 1. Let z(k) = i(k) + 5*r(k). What is the tens digit of z(0)?
7
Suppose 3*n = -4*a + 15, -9*n = -4*n - 5. Suppose -b - 660 = -3*p + 2*p, 5*p = -a*b + 3284. What is the hundreds digit of p?
6
Suppose 41*p - 61127 + 7704 = 0. What is the thousands digit of p?
1
Let w(n) = -n**2 - 17*n + 8. Let i be w(-17). Suppose 2*f + 5*z - 846 = 0, 5*f - i*f + 5*z = -1244. What is the units digit of f?
8
Suppose -50*s = -54*s. Suppose 5*a = -3*o + 1773, -a + 353 = -s*a + o. What is the units digit of a?
7
Let x(m) = 460*m + 1132. What is the tens digit of x(13)?
1
Let j(i) = 630*i + 620. What is the units digit of j(32)?
0
Let w(r) be the first derivative of -r**2/2 + 119*r - 24. What is the units digit of w(-14)?
3
Suppose 10*p = -7*p + 16116. Suppose d - p = -4*o, 12*d = 15*d + 5*o - 2865. What is the units digit of d?
0
What is the thousands digit of 4485360/(-792)*(-24)/10?
3
Let a = -64 - -68. Suppose -a*k + 155 = -145. What is the tens digit of k?
7
Let x(m) = 18*m**2 - 2*m + 8. Let f = 21 + -25. Let y be x(f). Let v = -194 + y. What is the hundreds digit of v?
1
Suppose c = -r - 5, 4*r = -c - 2*c - 10. Let p(w) be the second derivative of w**3/6 + 6*w**2 - 78*w + 6. What is the units digit of p(c)?
2
Suppose -2*p = -5*v - 1870, 23*v = 27*v - 8. Let h = 1812 - p. What is the tens digit of h?
7
Suppose 190*w - 195*w = -80. Suppose w*l = 19*l - 342. Let o = l + 166. What is the hundreds digit of o?
2
What is the thousands digit of 6493 + (1 + 1 - (156/(-12) - -18))?
6
Let x(c) = 303*c**2 + 9*c - 3. Let h be x(-2). Suppose -5*p + 3149 = -h. What is the units digit of p?
8
Let z = 104 + -102. Suppose 2*k - 2*s = 28, 3*s - 19 - 24 = -z*k. Let l = k - 8. What is the units digit of l?
9
What is the hundreds digit of (-1520)/1330 + 292447/7?
7
Suppose 4*f - 2 = 6. Suppose -f*u - 3*z + 17599 = 6526, -4*z = 4. What is the units digit of u/34 - 22/(-187)?
3
Let g be (22/(-3))/(4/(-6)). Suppose 0 = -37*a + 20*a + 272. Suppose g*m - a = 105. What is the tens digit of m?
1
Let q be 5 - ((0 - 7) + 7). Suppose -7*o + 1178 = 2*y - 3*o, 5*o = q*y - 2915. What is the units digit of y?
5
Suppose -3*w = -3*f + 1153 + 7604, 5828 = 2*f + 3*w. What is the hundreds digit of f?
9
Suppose 5*y = -4*w - 58 - 168, -w + 231 = -5*y. Let g(r) = r**2 - 2*r - 3. Let o be g(4). Let a = o - y. What is the tens digit of a?
5
What is the ten thousands digit of 270301/6 - (0 + 23/138)?
4
Let i(c) = -3*c**3 - 2*c**2 - 22*c + 72. Let o be i(4). Let r = o + 388. What is the hundreds digit of r?
1
Let s = 260 - 257. What is the units digit of 7 - (1 + s) - -40?
3
Let p(h) = 4*h - 1. Let b be (60/8 + -6)*8. What is the tens digit of p(b)?
4
Suppose -15 = 5*a, -4*z - 1042 = z + 4*a. Let q = 4 - z. What is the units digit of ((-80)/36 - (-4)/18) + q?
8
Let f(t) = t**3 - 7*t**2 + 4*t + 14. Let r be f(6). Suppose -72 = -r*k - 10*k. Suppose k = 5*j + 21, 0 = -5*v + 2*j + 151. What is the units digit of v?
9
Let n = -1 + 5. Suppose -n*g = 4*g + 8. What is the units digit of 14 + (-3 - 1 - g)?
1
Let q(c) = c**3 - 12*c**2 + c - 12. Let r be q(12). Suppose -3*w + 764 = -5*h - 1184, r = h - 1. What is the units digit of w?
1
Let p = -160 + 339. Suppose 5 = 4*u - p. What is the tens digit of u?
4
Let b = 15 + -15. Let v = b + 14. What is the tens digit of 39 + 0 - (-5 + v/2)?
3
What is the ten thousands digit of 2 + (-21)/((-84)/118060)*2/5?
1
Let w(y) be the third derivative of -335*y**4/12 + 5*y**3/2 - 48*y**2 + 3*y. What is the hundreds digit of w(-1)?
6
Let h(d) = 133*d - 3. Let q(v) = 8*v + 1. Let l be q(5). Let n = -40 + l. What is the hundreds digit of h(n)?
1
Suppose -240*c + 2*f + 15660 = -235*c, c + f = 3125. What is the tens digit of c?
3
Let d(u) = 2*u**2 - 2*u - 4. Let w be d(-4). Suppose -23*y = -22*y - w. Suppose 4*j - y = 3*j. What is the tens digit of j?
3
What is the tens digit of 47932/16 - 59/(-236)?
9
Let m(u) = 7*u - 62. Let s be m(8). Let a be 0/2*((-13)/(-2) + s). Suppose a = 8*x + x - 1089. What is the units digit of x?
1
Let h(i) = -108*i + 176. What is the thousands digit of h(-82)?
9
Let p(h) be the third derivative of 173*h**4/24 + 8*h**3/3 + 29*h**2. What is the hundreds digit of p(2)?
3
Suppose 0 = -9*p - 323 + 368. Suppose v = -3*h + 4323, -p*h - 10*v + 8*v = -7204. What is the tens digit of h?
4
Suppose 5*k - 3*t + 1410 = 8*k, 0 = 3*k + t - 1418. What is the tens digit of k?
7
Let f(o) be the second derivative of o**5/20 - 4*o**4/3 + 7*o**3/3 - 31*o**2/2 - 30*o + 2. What is the tens digit of f(18)?
6
Suppose 0 = -j + 6*j - 5*l - 25, 0 = -3*j + 5*l + 11. Let r = 13 - 15. What is the units digit of (-850)/(-35) + r/j?
4
Let l = 44890 + -30348. What is the tens digit of l?
4
Let f = 2838 + 2088. What is the hundreds digit of f?
9
Let u(z) = z**2 + z. Let x(q) = 126*q**2 + 2*q. Let w(g) = -3*u(g) + x(g). Let m be w(1). Suppose -2*j + 140 + m = 0. What is the hundreds digit of j?
1
What is the units digit of 13/(-247)*0 + 5382?
2
Let c(j) = j**2 - 14*j + 18. Let p be c(13). Suppose -p*b - 3*t = -69 + 4, 0 = -4*b + 2*t + 52. Suppose d - 1 = b. What is the tens digit of d?
1
Suppose -v + 2*j = -96, 2*v + 4*j - j - 171 = 0. Let i be (2/(-5))/((-2)/860). Let h = i - v. What is the tens digit of h?
8
Suppose -19*h - 24*h + 261827 = 0. What is the units digit of h?
9
Suppose -16*w - 1984 = 13872. Let i = w + 2375. What is the hundreds digit of i?
3
Suppose k = -0*k - 2*i + 16, 5*k + 3*i - 52 = 0. Suppose -5008 = -0*l - k*l. What is the units digit of l?
6
Let s(i) = i**2 + 42*i - 38. Let c be s(16). Let l = 1313 - c. What is the units digit of l?
3
Let b be (-102)/24 - -4 - 23/4. Let m be ((-3)/b - 0)*8. What is the tens digit of (m/6)/((-5)/(285/(-